what is -bc - 3?
-c1
In base 3, what is -10 - -1111122020222?
1111122020212
In base 5, what is -24143422 + 10?
-24143412
In base 3, what is 11212 - 10011022?
-2222110
In base 9, what is 420 - 1617?
-1187
In base 14, what is -8b - 5413?
-54a0
In base 3, what is -12 - -1120002012?
1120002000
In base 16, what is 44 - 604?
-5c0
In base 14, what is -923 + -2?
-925
In base 2, what is 10 + 10011010111101?
10011010111111
In base 12, what is 13 + 33ba?
3411
In base 4, what is 2001121 + 12?
2001133
In base 8, what is -4 - -51622?
51616
In base 2, what is 100 + 1010010011100000110?
1010010011100001010
In base 6, what is 431140 + 3?
431143
In base 8, what is 7526 + 103?
7631
In base 12, what is -135176 - -3?
-135173
In base 3, what is 110 + -11021001?
-11020121
In base 3, what is 102112121 - -211?
102120102
In base 13, what is 3c9b2 - 0?
3c9b2
In base 7, what is 1041436 - -1?
1041440
In base 9, what is -15005 - 6?
-15012
In base 16, what is -5 + 25c4?
25bf
In base 8, what is 37042 + -3?
37037
In base 2, what is 1 + 1100010011000?
1100010011001
In base 3, what is -220020 - -1122100?
202010
In base 3, what is 11011 - -100221?
112002
In base 3, what is -1021002101 - 20?
-1021002121
In base 2, what is -101 + 1110100100101011?
1110100100100110
In base 11, what is -33873 - 9?
-33881
In base 14, what is 124c + 6a?
12b8
In base 10, what is -249 - 49?
-298
In base 9, what is -361 + 34?
-326
In base 7, what is 63 - -46125?
46221
In base 16, what is -1f3b - -19?
-1f22
In base 10, what is -5139 - -29?
-5110
In base 3, what is -10 + -22221010?
-22221020
In base 14, what is -3 + -2a00d4?
-2a00d7
In base 16, what is 60a82 + -3?
60a7f
In base 16, what is -2 - 30e17?
-30e19
In base 3, what is -11122 + -10001?
-21200
In base 9, what is -4431 + 103?
-4327
In base 7, what is 23633313 + 0?
23633313
In base 16, what is -4234 - -92?
-41a2
In base 15, what is -5891d + 0?
-5891d
In base 3, what is 102011011021 + 2?
102011011100
In base 8, what is -1 + -53163?
-53164
In base 11, what is 172 + -757?
-595
In base 14, what is -c636 + -13?
-c649
In base 3, what is 100110022100 + 12?
100110022112
In base 4, what is 1 + 23220110?
23220111
In base 14, what is -5 - -4c040?
4c039
In base 9, what is -4 + -48600?
-48604
In base 5, what is 4 - -2333?
2342
In base 4, what is 223333000 - 3?
223332331
In base 15, what is -84b + -2d?
-879
In base 7, what is -55 + 54535?
54450
In base 16, what is -b - 3179?
-3184
In base 3, what is -11202 - -121022?
102120
In base 6, what is 1 - -213312?
213313
In base 5, what is -4220323142 + -2?
-4220323144
In base 14, what is c + 460d8?
46106
In base 6, what is 44323 + 2133?
50500
In base 13, what is 25b96 - 1?
25b95
In base 11, what is -3 + -20917?
-2091a
In base 10, what is 6688 - -10?
6698
In base 16, what is -2ea9f - 8?
-2eaa7
In base 6, what is 1215 + 10015?
11234
In base 9, what is -46582 - 10?
-46602
In base 12, what is 25142 + -3?
2513b
In base 15, what is -18e + 5a?
-134
In base 10, what is 434513 - 5?
434508
In base 4, what is 10 - -23130133?
23130203
In base 15, what is -47 + 57a?
533
In base 5, what is -11310 + 1021?
-10234
In base 10, what is -32 - -18260?
18228
In base 12, what is -76135 + -4?
-76139
In base 15, what is 359a - -2c?
35c7
In base 6, what is 5 - -12133443?
12133452
In base 16, what is 80 + 102b?
10ab
In base 9, what is 5 - -65270?
65275
In base 12, what is 5 + 10474?
10479
In base 3, what is 2110 - 10011022?
-10001212
In base 11, what is -2 + -251641?
-251643
In base 5, what is -422041 - 0?
-422041
In base 3, what is 10 - 1100202221002?
-1100202220222
In base 15, what is -3 + -2690?
-2693
In base 7, what is -1 + 230564?
230563
In base 13, what is 752268 - 4?
752264
In base 11, what is -3203a + -3?
-32042
In base 8, what is 46 - -311?
357
In base 8, what is 212373 - 27?
212344
In base 12, what is -23 + -1b3?
-216
In base 7, what is -20452 - -3?
-20446
In base 14, what is 3800d9 - -1?
3800da
In base 5, what is 43 + 323020?
323113
In base 7, what is -1064 - -1241?
144
In base 13, what is 1121 - -55?
1176
In base 16, what is -1 + aacc8?
aacc7
In base 16, what is -1662 - 81?
-16e3
In base 2, what is -10110010100111101111 + 11?
-10110010100111101100
In base 7, what is -1040 + -365?
-1435
In base 9, what is 122482 + -1?
122481
In base 9, what is -12 - -74471?
74458
In base 5, what is 2 + 123402?
123404
In base 5, what is 214 - 224?
-10
In base 3, what is -10 + -1211002112?
-1211002122
In base 2, what is 101111 + -1101111101?
-1101001110
In base 12, what is a26749 + 1?
a2674a
In base 14, what is 315d + 57?
31b6
In base 5, what is -3340 - 22?
-3412
In base 4, what is -113322 - -200?
-113122
In base 4, what is -103 - 31210?
-31313
In base 7, what is 1145043 + -5?
1145035
In base 5, what is 31233 + 1303?
33041
In base 14, what is -ac61 - 10?
-ac71
In base 9, what is 11 + -288364?
-288353
In base 3, what is -102020021110 - -12?
-102020021021
In base 7, what is -636 + -420?
-1356
In base 7, what is -22544 + -64?
-22641
In base 4, what is 1332 - -3301?
11233
In base 16, what is 1 - 33159?
-33158
In base 10, what is 33304 + -2?
33302
In base 7, what is 5652300 + 3?
5652303
In base 9, what is -4 + -581576?
-581581
In base 14, what is -3 + 167d2?
167cd
In base 7, what is -5436530 + -4?
-5436534
In base 4, what is 23112331 - -10?
23113001
In base 12, what is 3090 - -79?
3149
In base 3, what is 11102 - -111111120?
111122222
In base 5, what is -204213 - 24?
-204242
In base 9, what is 5803 - 222?
5571
In base 13, what is -b + a581?
a573
In base 4, what is 100 + 202220?
202320
In base 8, what is 3 - -250552?
250555
In base 5, what is -4 + 1011443040?
1011443031
In base 5, what is 3 + 34244?
34302
In base 9, what is -464 + -3224?
-3688
In base 8, what is -10217 + -2531?
-12750
In base 2, what is 11000110000100111 + -100101?
11000110000000010
In base 8, what is 1 + -1167543?
-1167542
In base 2, what is 101 + -101110010110100001?
-101110010110011100
In base 6, what is 2 - -230445?
230451
In base 12, what is -12 - b0?
-102
In base 4, what is 120123131003 + -3?
120123131000
In base 13, what is -1b + 89?
6b
In base 13, what is -2c806 - -5?
-2c801
In base 14, what is -1191 + 28?
-1167
In base 13, what is 19 + 950?
969
In base 15, what is -50db - -19?
-50c2
In base 2, what is -101010000 + -11100?
-101101100
In base 3, what is 2 - 2221120022?
-2221120020
In base 5, what is -42312 - -43?
-42214
In base 3, what is 2112111212 - 120?
2112111022
In base 5, what is -21 + 30024?
30003
In base 5, what is -2314 + -1241?
-4110
In base 9, what is -1058 + 35?
-1023
In base 8, what is -207 - 13562?
-13771
In base 12, what is 148 + -11b?
29
In base 13, what is -7 - -42a99?
42a92
In base 2, what is -10011100010100 + -100?
-10011100011000
In base 3, what is -2 + 201010201?
201010122
In base 15, what is 93 + -2?
91
In base 15, what is 1b - 26c?
-251
In base 9, what is -8 + 103502?
103483
In base 10, what is -1 + -5416?
-5417
In base 2, what is -110 - -1100010101010111111?
1100010101010111001
In base 8, what is 16500 + 16?
16516
In base 15, what is 6 + 136d?
1374
In base 8, what is -3 - -2231762?
2231757
In base 2, what is 10 - 10111010001000?
-10111010000110
In base 10, what is 3494 + -226?
3268
In base 8, what is -12 + 275314?
275302
In base 16, what is -3 + -5d31?
-5d34
In base 8, what is -44473 - -67?
-44404
In base 15, what is 10 + 467d2?
467e2
In base 16, what is 2cb6d + 4?
2cb71
In base 15, what is -22535c - -3?
-225359
In base 6, what is 22 - -4241?
4303
In base 12, what is 1 - -10953a?
10953b
In base 6, what is 0 - 15025205?
-15025205
In base 3, what is 0 - -120110221?
120110221
In base 13, what is -13a7 + -46c?
-1846
In base 14, what is 3232a4 + -5?
32329d
In base 10, what is -15 - 809?
-824
In base 9, what is -4 + -67813?
-67817
In base 13, what is -4 + 4870?
4869
In base 3, what is 21 + -120121200?
-120121102
In base 10, what is -37 - 5794?
-5831
In base 11, what is -15a39 - -15?
-15a24
In base 5, what is 102320103 - -1?
102320104
In base 12, what is 982 - 5?
979
In base 6, what is 245430 - -2?
245432
In base 14, what is 4 + -5dd6?
-5dd2
In base 14, what is c701b - 3?
c7018
In base 16, what is 3fd0 - -21?
3ff1
In base 15, what is 7 + a30?
a37
In base 5, what is -13 - 44330?
-44343
In base 3, what is 11 + -20000000021?
-20000000010
In base 7, what is 65113 - 154?
64